{"id":632,"date":"2024-09-25T11:52:23","date_gmt":"2024-09-25T09:52:23","guid":{"rendered":"http:\/\/www.hanaconsult.sk\/hana\/?page_id=632"},"modified":"2024-09-25T11:52:23","modified_gmt":"2024-09-25T09:52:23","slug":"otazky-na-uctovnictvo","status":"publish","type":"page","link":"http:\/\/www.hanaconsult.sk\/hana\/otazky-na-uctovnictvo\/","title":{"rendered":"OT\u00c1ZKY NA \u00da\u010cTOVN\u00cdCTVO"},"content":{"rendered":"\n<p><\/p>\n\n\n\n<div id=\"wp-block-themeisle-blocks-form-b737f30f\" class=\"wp-block-themeisle-blocks-form\" data-option-name=\"bda02d2fe59d7cc8ecf337d2fffa58dd5da8c146_b737f30f\"><form class=\"otter-form__container\">\n<div id=\"wp-block-themeisle-blocks-form-input-7dbf16b5\" class=\"wp-block-themeisle-blocks-form-input ticss-7dbf16b5\"><label for=\"wp-block-themeisle-blocks-form-input-7dbf16b5-input\" class=\"otter-form-input-label\"><span class=\"otter-form-input-label__label\">Meno a Priezvisko<\/span><span class=\"required\">*<\/span><\/label><input type=\"text\" id=\"wp-block-themeisle-blocks-form-input-7dbf16b5-input\" required class=\"otter-form-input\"\/><\/div>\n\n\n\n<div id=\"wp-block-themeisle-blocks-form-input-47a6a190\" class=\"wp-block-themeisle-blocks-form-input ticss-47a6a190\"><label for=\"wp-block-themeisle-blocks-form-input-47a6a190-input\" class=\"otter-form-input-label\"><span class=\"otter-form-input-label__label\">Email<\/span><span class=\"required\">*<\/span><\/label><input type=\"email\" id=\"wp-block-themeisle-blocks-form-input-47a6a190-input\" required class=\"otter-form-input\"\/><\/div>\n\n\n<div class=\"protection\" aria-hidden=\"true\"><input type=\"hidden\" id=\"wp-block-themeisle-blocks-form-b737f30f_nonce_field\" name=\"wp-block-themeisle-blocks-form-b737f30f_nonce_field\" value=\"cc2517e4f3\" \/><input type=\"hidden\" name=\"_wp_http_referer\" value=\"\/hana\/wp-json\/wp\/v2\/pages\/632\" \/><input class=\"o-anti-bot\" type=\"checkbox\"><\/div>\n\n\n<div id=\"wp-block-themeisle-blocks-form-textarea-91682b05\" class=\"wp-block-themeisle-blocks-form-textarea\"><label for=\"wp-block-themeisle-blocks-form-textarea-91682b05-input\" class=\"otter-form-textarea-label\"><span class=\"otter-form-textarea-label__label\">Spr\u00e1va<\/span><span class=\"required\">*<\/span><\/label><textarea id=\"wp-block-themeisle-blocks-form-textarea-91682b05-input\" required placeholder=\"nap\u00ed\u0161te spr\u00e1vu\" rows=\"10\" class=\"otter-form-textarea-input\"><\/textarea><\/div>\n\n\n\n<p class=\"has-extra-small-font-size\"><\/p>\n<div class=\"wp-block-button right\"><button class=\"wp-block-button__link\" type=\"submit\">ODOSLA\u0164<\/button><\/div><\/form><\/div>\n","protected":false},"excerpt":{"rendered":"","protected":false},"author":2,"featured_media":0,"parent":0,"menu_order":0,"comment_status":"closed","ping_status":"closed","template":"","meta":{"_themeisle_gutenberg_block_has_review":false,"footnotes":""},"class_list":["post-632","page","type-page","status-publish","hentry"],"yoast_head":"<!-- This site is optimized with the Yoast SEO plugin v23.4 - https:\/\/yoast.com\/wordpress\/plugins\/seo\/ -->\n<title>OT\u00c1ZKY NA \u00da\u010cTOVN\u00cdCTVO -<\/title>\n<meta name=\"robots\" content=\"index, follow, max-snippet:-1, max-image-preview:large, max-video-preview:-1\" \/>\n<link rel=\"canonical\" href=\"http:\/\/www.hanaconsult.sk\/hana\/otazky-na-uctovnictvo\/\" \/>\n<meta property=\"og:locale\" content=\"sk_SK\" \/>\n<meta property=\"og:type\" content=\"article\" \/>\n<meta property=\"og:title\" content=\"OT\u00c1ZKY NA \u00da\u010cTOVN\u00cdCTVO -\" \/>\n<meta property=\"og:url\" content=\"http:\/\/www.hanaconsult.sk\/hana\/otazky-na-uctovnictvo\/\" \/>\n<meta name=\"twitter:card\" content=\"summary_large_image\" \/>\n<meta name=\"twitter:label1\" content=\"Predpokladan\u00fd \u010das \u010d\u00edtania\" \/>\n\t<meta name=\"twitter:data1\" content=\"1 min\u00fata\" \/>\n<script type=\"application\/ld+json\" class=\"yoast-schema-graph\">{\"@context\":\"https:\/\/schema.org\",\"@graph\":[{\"@type\":\"WebPage\",\"@id\":\"http:\/\/www.hanaconsult.sk\/hana\/otazky-na-uctovnictvo\/\",\"url\":\"http:\/\/www.hanaconsult.sk\/hana\/otazky-na-uctovnictvo\/\",\"name\":\"OT\u00c1ZKY NA \u00da\u010cTOVN\u00cdCTVO -\",\"isPartOf\":{\"@id\":\"http:\/\/www.hanaconsult.sk\/hana\/#website\"},\"datePublished\":\"2024-09-25T09:52:23+00:00\",\"dateModified\":\"2024-09-25T09:52:23+00:00\",\"breadcrumb\":{\"@id\":\"http:\/\/www.hanaconsult.sk\/hana\/otazky-na-uctovnictvo\/#breadcrumb\"},\"inLanguage\":\"sk-SK\",\"potentialAction\":[{\"@type\":\"ReadAction\",\"target\":[\"http:\/\/www.hanaconsult.sk\/hana\/otazky-na-uctovnictvo\/\"]}]},{\"@type\":\"BreadcrumbList\",\"@id\":\"http:\/\/www.hanaconsult.sk\/hana\/otazky-na-uctovnictvo\/#breadcrumb\",\"itemListElement\":[{\"@type\":\"ListItem\",\"position\":1,\"name\":\"Domovsk\u00e1 str\u00e1nka\",\"item\":\"http:\/\/www.hanaconsult.sk\/hana\/\"},{\"@type\":\"ListItem\",\"position\":2,\"name\":\"OT\u00c1ZKY NA \u00da\u010cTOVN\u00cdCTVO\"}]},{\"@type\":\"WebSite\",\"@id\":\"http:\/\/www.hanaconsult.sk\/hana\/#website\",\"url\":\"http:\/\/www.hanaconsult.sk\/hana\/\",\"name\":\"\",\"description\":\"\",\"potentialAction\":[{\"@type\":\"SearchAction\",\"target\":{\"@type\":\"EntryPoint\",\"urlTemplate\":\"http:\/\/www.hanaconsult.sk\/hana\/?s={search_term_string}\"},\"query-input\":{\"@type\":\"PropertyValueSpecification\",\"valueRequired\":true,\"valueName\":\"search_term_string\"}}],\"inLanguage\":\"sk-SK\"}]}<\/script>\n<!-- \/ Yoast SEO plugin. -->","yoast_head_json":{"title":"OT\u00c1ZKY NA \u00da\u010cTOVN\u00cdCTVO -","robots":{"index":"index","follow":"follow","max-snippet":"max-snippet:-1","max-image-preview":"max-image-preview:large","max-video-preview":"max-video-preview:-1"},"canonical":"http:\/\/www.hanaconsult.sk\/hana\/otazky-na-uctovnictvo\/","og_locale":"sk_SK","og_type":"article","og_title":"OT\u00c1ZKY NA \u00da\u010cTOVN\u00cdCTVO -","og_url":"http:\/\/www.hanaconsult.sk\/hana\/otazky-na-uctovnictvo\/","twitter_card":"summary_large_image","twitter_misc":{"Predpokladan\u00fd \u010das \u010d\u00edtania":"1 min\u00fata"},"schema":{"@context":"https:\/\/schema.org","@graph":[{"@type":"WebPage","@id":"http:\/\/www.hanaconsult.sk\/hana\/otazky-na-uctovnictvo\/","url":"http:\/\/www.hanaconsult.sk\/hana\/otazky-na-uctovnictvo\/","name":"OT\u00c1ZKY NA \u00da\u010cTOVN\u00cdCTVO -","isPartOf":{"@id":"http:\/\/www.hanaconsult.sk\/hana\/#website"},"datePublished":"2024-09-25T09:52:23+00:00","dateModified":"2024-09-25T09:52:23+00:00","breadcrumb":{"@id":"http:\/\/www.hanaconsult.sk\/hana\/otazky-na-uctovnictvo\/#breadcrumb"},"inLanguage":"sk-SK","potentialAction":[{"@type":"ReadAction","target":["http:\/\/www.hanaconsult.sk\/hana\/otazky-na-uctovnictvo\/"]}]},{"@type":"BreadcrumbList","@id":"http:\/\/www.hanaconsult.sk\/hana\/otazky-na-uctovnictvo\/#breadcrumb","itemListElement":[{"@type":"ListItem","position":1,"name":"Domovsk\u00e1 str\u00e1nka","item":"http:\/\/www.hanaconsult.sk\/hana\/"},{"@type":"ListItem","position":2,"name":"OT\u00c1ZKY NA \u00da\u010cTOVN\u00cdCTVO"}]},{"@type":"WebSite","@id":"http:\/\/www.hanaconsult.sk\/hana\/#website","url":"http:\/\/www.hanaconsult.sk\/hana\/","name":"","description":"","potentialAction":[{"@type":"SearchAction","target":{"@type":"EntryPoint","urlTemplate":"http:\/\/www.hanaconsult.sk\/hana\/?s={search_term_string}"},"query-input":{"@type":"PropertyValueSpecification","valueRequired":true,"valueName":"search_term_string"}}],"inLanguage":"sk-SK"}]}},"_links":{"self":[{"href":"http:\/\/www.hanaconsult.sk\/hana\/wp-json\/wp\/v2\/pages\/632"}],"collection":[{"href":"http:\/\/www.hanaconsult.sk\/hana\/wp-json\/wp\/v2\/pages"}],"about":[{"href":"http:\/\/www.hanaconsult.sk\/hana\/wp-json\/wp\/v2\/types\/page"}],"author":[{"embeddable":true,"href":"http:\/\/www.hanaconsult.sk\/hana\/wp-json\/wp\/v2\/users\/2"}],"replies":[{"embeddable":true,"href":"http:\/\/www.hanaconsult.sk\/hana\/wp-json\/wp\/v2\/comments?post=632"}],"version-history":[{"count":2,"href":"http:\/\/www.hanaconsult.sk\/hana\/wp-json\/wp\/v2\/pages\/632\/revisions"}],"predecessor-version":[{"id":634,"href":"http:\/\/www.hanaconsult.sk\/hana\/wp-json\/wp\/v2\/pages\/632\/revisions\/634"}],"wp:attachment":[{"href":"http:\/\/www.hanaconsult.sk\/hana\/wp-json\/wp\/v2\/media?parent=632"}],"curies":[{"name":"wp","href":"https:\/\/api.w.org\/{rel}","templated":true}]}}